the remainder when 164948735 is divided by 793?
770
Calculate the remainder when 19071322 is divided by 2972.
2970
What is the remainder when 132342 is divided by 282?
84
Calculate the remainder when 180407601 is divided by 177.
174
What is the remainder when 214159287 is divided by 1708?
1707
What is the remainder when 3772487 is divided by 89821?
5
Calculate the remainder when 87663539 is divided by 36.
11
Calculate the remainder when 112060764 is divided by 496.
476
What is the remainder when 675352 is divided by 25972?
80
Calculate the remainder when 155365 is divided by 2241.
736
What is the remainder when 2181170382 is divided by 10833?
10830
What is the remainder when 9115020 is divided by 30690?
90
What is the remainder when 764511 is divided by 254832?
15
What is the remainder when 279246932 is divided by 21?
20
Calculate the remainder when 2082784 is divided by 11381.
61
What is the remainder when 1993627 is divided by 22?
9
What is the remainder when 7116407 is divided by 1313?
1260
What is the remainder when 6849584 is divided by 120?
104
What is the remainder when 216034667 is divided by 614?
609
What is the remainder when 132325 is divided by 132323?
2
Calculate the remainder when 8675197 is divided by 435.
427
Calculate the remainder when 141038 is divided by 4704.
4622
Calculate the remainder when 1591053 is divided by 1340.
473
What is the remainder when 45321 is divided by 69?
57
What is the remainder when 15484534 is divided by 73?
66
Calculate the remainder when 62702 is divided by 122.
116
What is the remainder when 60042800 is divided by 262?
260
Calculate the remainder when 1462972 is divided by 622.
28
What is the remainder when 3595348 is divided by 1982?
0
What is the remainder when 60801123 is divided by 175?
173
Calculate the remainder when 17286 is divided by 1970.
1526
What is the remainder when 1680172 is divided by 661?
571
Calculate the remainder when 57983 is divided by 28912.
159
Calculate the remainder when 1592150 is divided by 22745.
0
What is the remainder when 93923 is divided by 11733?
59
Calculate the remainder when 1702824 is divided by 1010.
974
Calculate the remainder when 27834048 is divided by 1765.
1763
Calculate the remainder when 11788829 is divided by 3929608.
5
Calculate the remainder when 3266206575 is divided by 18.
15
Calculate the remainder when 10472112 is divided by 40123.
9
What is the remainder when 182427162 is divided by 45606789?
6
What is the remainder when 338453 is divided by 17807?
120
What is the remainder when 6593 is divided by 911?
216
What is the remainder when 17478128 is divided by 1051?
1049
What is the remainder when 214757 is divided by 53676?
53
Calculate the remainder when 98020503 is divided by 96382.
9
Calculate the remainder when 4552102 is divided by 287.
282
What is the remainder when 40514 is divided by 12647?
2573
Calculate the remainder when 30208433 is divided by 21.
17
What is the remainder when 3286589 is divided by 34?
13
Calculate the remainder when 156076 is divided by 223.
199
Calculate the remainder when 635399 is divided by 1419.
1106
Calculate the remainder when 1777732 is divided by 1504.
4
Calculate the remainder when 394579 is divided by 12.
7
What is the remainder when 3764088 is divided by 15554?
20
What is the remainder when 1295169 is divided by 3708?
1077
Calculate the remainder when 2160031 is divided by 3268.
3151
Calculate the remainder when 220465 is divided by 11532.
1357
What is the remainder when 32346875 is divided by 292?
283
What is the remainder when 362404 is divided by 97?
12
Calculate the remainder when 649519941 is divided by 181.
174
Calculate the remainder when 65931 is divided by 32918.
95
Calculate the remainder when 647065 is divided by 2311.
2296
What is the remainder when 624506 is divided by 116?
78
Calculate the remainder when 17707 is divided by 8776.
155
Calculate the remainder when 234847 is divided by 681.
583
Calculate the remainder when 7003192 is divided by 11.
9
What is the remainder when 128741 is divided by 25338?
2051
What is the remainder when 20171 is divided by 150?
71
What is the remainder when 62133252 is divided by 1518?
1512
What is the remainder when 1306265 is divided by 653118?
29
Calculate the remainder when 8196958 is divided by 292748.
14
What is the remainder when 609952 is divided by 2448?
400
Calculate the remainder when 212037 is divided by 23552.
69
What is the remainder when 6565521 is divided by 2188501?
18
What is the remainder when 458269 is divided by 1181?
41
Calculate the remainder when 457583 is divided by 34.
11
What is the remainder when 5868144 is divided by 2718?
2700
Calculate the remainder when 236949907 is divided by 85.
82
What is the remainder when 1184916 is divided by 995?
866
What is the remainder when 54147 is divided by 194?
21
Calculate the remainder when 45961 is divided by 2553.
7
Calculate the remainder when 453538 is divided by 4014.
3970
Calculate the remainder when 11968655 is divided by 271.
211
What is the remainder when 12717597 is divided by 96?
93
What is the remainder when 5323344 is divided by 20958?
12
Calculate the remainder when 5976513 is divided by 55.
48
What is the remainder when 641606 is divided by 699?
623
Calculate the remainder when 3989808 is divided by 1994898.
12
Calculate the remainder when 114662420 is divided by 143328.
20
What is the remainder when 670155 is divided by 335064?
27
What is the remainder when 11043255 is divided by 79?
3
Calculate the remainder when 3951 is divided by 2080.
1871
Calculate the remainder when 565062 is divided by 414.
366
Calculate the remainder when 8770858 is divided by 5.
3
What is the remainder when 1693014 is divided by 241?
230
Calculate the remainder when 296513 is divided by 1735.
1563
What is the remainder when 236499 is divided by 7?
4
Calculate the remainder when 14365 is divided by 2659.
1070
What is the remainder when 2394547 is divided by 45?
7
What is the remainder when 763950 is divided by 763942?
8
Calculate the remainder when 20440892 is divided by 1876.
1872
What is the remainder when 27724815 is divided by 5189?
5177
What is the remainder when 3876228 is divided by 110748?
48
Calculate the remainder when 229241636 is divided by 409.
408
What is the remainder when 6202804 is divided by 6202792?
12
What is the remainder when 94345 is divided by 31185?
790
Calculate the remainder when 61015 is divided by 27193.
6629
Calculate the remainder when 36897341 is divided by 9224335.
1
Calculate the remainder when 136910004 is divided by 80.
4
What is the remainder when 35548 is divided by 2353?
253
What is the remainder when 379776 is divided by 544?
64
Calculate the remainder when 3752256 is divided by 625351.
150
Calculate the remainder when 74393 is divided by 8103.
1466
What is the remainder when 26664845 is divided by 86?
29
What is the remainder when 244924 is divided by 2377?
93
Calculate the remainder when 9137 is divided by 6421.
2716
What is the remainder when 1654303 is divided by 413383?
771
What is the remainder when 145977 is divided by 518?
419
What is the remainder when 118376 is divided by 23639?
181
Calculate the remainder when 704121 is divided by 61.
59
What is the remainder when 358232 is divided by 921?
884
Calculate the remainder when 28249978 is divided by 2146.
34
What is the remainder when 55500 is divided by 55431?
69
What is the remainder when 461817351 is divided by 572?
567
What is the remainder when 1060522 is divided by 19282?
12
What is the remainder when 396891985 is divided by 79378397?
0
What is the remainder when 119891 is divided by 29599?
1495
Calculate the remainder when 23375843 is divided by 7791946.
5
What is the remainder when 598051 is divided by 1122?
25
Calculate the remainder when 1528327 is divided by 26.
21
Calculate the remainder when 777137 is divided by 3084.
3053
What is the remainder when 9984585 is divided by 25?
10
Calculate the remainder when 270979 is divided by 46.
39
Calculate the remainder when 431193 is divided by 215216.
761
Calculate the remainder when 307526 is divided by 51247.
44
What is the remainder when 1764759 is divided by 8208?
39
Calculate the remainder when 62304 is divided by 15570.
24
What is the remainder when 131